5*c - 7. Determine h(r).
-1
Let p(o) = 18*o + 1 - 17*o + 6. What is p(0)?
7
Let s(d) = 2*d - 27 + 39 + 4*d - 6*d**2 - 22 - d**3. Determine s(-7).
-3
Let k(u) be the third derivative of -u**5/60 + 5*u**4/24 + u**3/6 - u**2 - 59*u. Calculate k(4).
5
Let k(t) be the third derivative of -t**6/120 + t**5/12 - 5*t**4/24 - 6*t**2. What is k(4)?
-4
Let j be ((-12)/3)/(2*1). Let n be ((-15)/j - 0)*2. Suppose 0*l = -3*l + n. Let g(a) = -a. What is g(l)?
-5
Let c(n) = -n**2 - 5*n + 7. Let z = -97 - -92. Give c(z).
7
Let g = -39 + 42. Let n(w) = -w + 7. Calculate n(g).
4
Let o = -1 - -6. Let u(g) = 3*g - 1. Let x be u(1). Let i(a) = 1 + a**3 - 6*a**x + 4 + 4*a - 3. What is i(o)?
-3
Let g(z) = 10*z**3 + 7*z**2 - 13*z + 10. Let n(o) = 7*o**3 + 5*o**2 - 9*o + 7. Let l(x) = 5*g(x) - 7*n(x). Let v = 1 - -1. Determine l(v).
5
Let d(y) = -8*y**2 - 2*y + 1. Let q be d(1). Let x be q/21 - 31/(-7). Let i(z) = z**2 - 5*z + 4. Determine i(x).
0
Let f = 8 - 3. Let j(n) = 2 - 3 - 3 + n. Let p(d) = 2*d - 9. Let y(r) = -5*j(r) + 3*p(r). Determine y(f).
-2
Let l = 3 - 0. Suppose 0 = l*d + d - 8. Let m(h) = -3 + 1 - 2*h + h. What is m(d)?
-4
Let u(o) = o**3 + o**2 + o - 7. Suppose -12 - 21 = 3*d. Let x = 11 + d. Give u(x).
-7
Let o(k) = 3*k**2 - 2*k + 8. Let g(b) = 2*b**2 - 2*b + 7. Let w(z) = -4*g(z) + 3*o(z). Give w(-3).
-1
Let v be (2 - 3)/((-2)/10). Let m(a) = a**3 - 6*a + v*a - a. Give m(2).
4
Let u(f) = 2*f**2 - 4*f + 3. Suppose -6 - 18 = -8*w. Calculate u(w).
9
Let y(s) = 4*s - 37. Let c(f) = -f + 12. Let m(n) = -7*c(n) - 2*y(n). Give m(0).
-10
Let y(k) = k - 2. Suppose 77*q = 82*q. Determine y(q).
-2
Let t(g) be the second derivative of -13*g**3/6 + g**2/2 - 5*g. Determine t(1).
-12
Let a(g) be the third derivative of g**3/6 - g**2. Let k = 6 - 2. Let c(v) = v + 5. Let h(l) = k*a(l) - c(l). Calculate h(-5).
4
Let f(k) = 2*k - 4. Let r be f(3). Let y(l) = -1 - r + 6 - l + 4. Suppose -x + 20 = 3*x. Calculate y(x).
2
Let n(c) = -6*c. Let o(t) = t - 3. Let m be o(5). Let r(p) = -p**2 - 6*p - 6. Let f be r(-5). Let b = f + m. Give n(b).
-6
Let n(o) = o - 6. Let g(z) = -z**3 - 5*z**2 + 3*z - 12. Let a be g(-6). Give n(a).
0
Let o be 0 + 2 + (-6)/(-6). Let g = 5 - o. Let y = 7 - g. Let a(r) = -r**3 + 6*r**2 - 5*r + 1. Determine a(y).
1
Let j(o) = -14*o**3 + 7*o**2 - 9*o + 7. Let n(y) = -7*y**3 + 3*y**2 - 4*y + 3. Let x(p) = -2*j(p) + 5*n(p). Calculate x(1).
-7
Let c(r) = -r - 8. Suppose 2 = 3*b + 20. Give c(b).
-2
Let a(n) = 1. Suppose 2*l + 4*f - 16 = 0, 0*f + 15 = 5*f. Let s(z) = z. Suppose -7 = -2*u - 2*i + 5, -u + 4*i = 14. Let b(c) = l*a(c) + u*s(c). Give b(-3).
-4
Let y(p) be the third derivative of -p**6/720 - p**4/24 + p**2. Let f(j) be the second derivative of y(j). Give f(4).
-4
Let o(v) = -v + 1. Let g = 3 + -1. Let f(k) = -3*k + 1. Let i(y) = g*o(y) - 2*f(y). Let u be i(1). Let w(s) = s**2 - 5*s + 6. What is w(u)?
2
Let v(n) be the first derivative of -2*n**3/3 - n**2/2 - n - 1. Suppose -2*z + 6*z = 12. Suppose 2*m + 9 + 1 = -3*y, 3*y - z*m = 0. Give v(y).
-7
Let n be 18/99 + (-26)/22. Let y(m) = -6*m. Calculate y(n).
6
Let o(h) be the first derivative of h**4/4 - 5*h**3/3 + h**2/2 - h - 4. Calculate o(2).
-11
Let a(t) = t**3 + 11*t**2 - t - 6. Let s(c) = 10*c + 29. Let n be s(-4). Determine a(n).
5
Let p be (-816)/336 - 9/(-21). Let o(t) = 1. Let z(k) = k**2 + 4*k + 9. Let l(v) = -6*o(v) + z(v). Give l(p).
-1
Suppose -4*y - 5*b + 10 = -25, -4*y + 4*b + 8 = 0. Let x = y - 3. Let z(w) = 4*w**x - 6*w - 1 - 3*w**2 + 0*w**2. What is z(4)?
-9
Let n(x) = 2*x + 4. Let k(d) = 3*d + 3. Let s(q) = 3*k(q) - 4*n(q). Calculate s(5).
-2
Let v(h) = -h**2 + 4*h + 2. Let u(x) = 9*x**2 - 11*x + 8. Let t(d) = -5*d**2 + 6*d - 4. Let b(g) = 7*t(g) + 4*u(g). Let m be b(0). Determine v(m).
2
Let z(v) be the second derivative of -1/12*v**4 + 0 + 1/3*v**3 + 5*v - 1/2*v**2. Determine z(2).
-1
Suppose 90 = 3*m - 3*g, -g = 4*m - 6*m + 60. Suppose -2*d = -z - 3, 5*z - 2*d = -7*d - m. Let c(t) = 32*t + 0 - 33*t - 6. Give c(z).
-1
Let j(x) = x**2 - 3*x - 3. Suppose -4*y = -0*a + 3*a - 4, y + 5*a - 18 = 0. Determine j(y).
7
Let d(k) = -6 + 0*k**2 + k**3 - 3*k**2 + k - k**2 + k. Determine d(4).
2
Let a = 0 - -1. Let v(y) = 6*y**2 - y - 3. Let m(g) = -5*g**2 + g + 2. Suppose 4*w = -2 + 10. Let q(r) = w*v(r) + 3*m(r). Give q(a).
-2
Let g(n) be the second derivative of 0 - 5/6*n**3 - 3/2*n**2 + n + 1/20*n**5 - 1/6*n**4. Calculate g(4).
9
Let d(l) = l**3 - 2*l**2 - l + 1. Suppose -z = -5*z + 20. Suppose 8*f - 3*f = -z. Let q be f/(-2) - 4/(-8). What is d(q)?
-1
Let m(n) = n**2 - 6*n + 3. Let t(i) = -i + 9. Let d be 1/((-42)/(-22) - 2). Let c = d + 15. Let r be t(c). What is m(r)?
-2
Let f(k) = k**3 - 6*k**2 + 4*k + 3. Suppose -5*x + 2 = -6*x. Let h(o) be the third derivative of -o**4/6 - o**3/2 - 5*o**2. Let d be h(x). What is f(d)?
-2
Let r(u) be the first derivative of u**3/3 - 9*u**2/2 + 7*u - 19. Calculate r(5).
-13
Let v(d) be the first derivative of d**2 - d - 9. Give v(-4).
-9
Let t(y) = -y - 4. Let s be (-1 + 0)/(2/(-4)). Suppose l - 2*l = 0. Suppose 0 = s*b - l*b. What is t(b)?
-4
Let x(o) = -o**3 - 6*o**2 - 6*o - 4. Let g be x(-5). Suppose -5*w - 3*i - 5 = 0, 0*i - i + g = 3*w. Let m(f) = -5*f + w - 2 + 2*f**2 + 4. Determine m(3).
7
Let h(i) = i**2 + i + 15. Let l be 50/125 - (-1 + 7/5). Determine h(l).
15
Let n(m) = -8*m**3 - 2*m**2 + 1. Let r be (3/6)/((-3)/(-42)). Let q = 6 - r. Give n(q).
7
Let y(g) be the third derivative of -1/24*g**4 + 0*g + 1/2*g**3 + g**2 + 0 - 1/60*g**5. Give y(-3).
-3
Let q(g) be the first derivative of g**2 + 5/4*g**4 - 1 - g - 2/3*g**3. Give q(1).
4
Let g(t) = 3*t - t - 1 + 2*t + 0. Calculate g(-2).
-9
Let g(s) = 10*s - s**2 - s + 12*s - 12*s. Determine g(4).
20
Let n(p) = -p**3 - 3*p**2 + 2*p - 3. Let j = 1 + -2. Let b(d) = 15*d**2 - 2*d - 1. Let i be b(j). Suppose -5*r - i = -r. Give n(r).
5
Let s(t) = -3*t**3 + 3*t**2 - t. Suppose -4*q = q + 15. Let z(w) = -4*w**3 + 3*w**2. Let v(k) = q*s(k) + 2*z(k). Determine v(2).
2
Let s(i) = i**3 + 5*i**2 - i - 6. Let y be s(-2). Let x(t) = -t**3 + 7*t**2 + 7*t + 5. Calculate x(y).
-3
Let q = 11 + -15. Let d(n) = -n**3 + 6*n**2 - 2*n + 7. Let v(a) = 5*a**3 - 25*a**2 + 10*a - 29. Let i(p) = -9*d(p) - 2*v(p). Calculate i(q).
3
Let c(n) = n - 15. Let d be c(10). Let f(h) = h + 4. Give f(d).
-1
Let k(d) be the second derivative of -2*d + 0 + 2*d**2 + 1/12*d**4 - 1/3*d**3. Suppose 0 = s + j - 0*j - 8, 2*j - 1 = 3*s. Calculate k(s).
7
Let y(x) = -x**2 - 1. Let c(k) = k**2 + 5*k - 8. Let l(m) = m**2 + 6*m - 9. Let t(a) = -5*c(a) + 4*l(a). Let z be t(-3). Give y(z).
-5
Suppose 0 = -3*s - z + 10, 4*s = -4*z + 8 + 8. Let p(b) = -2*b**2 - b + 3. Give p(s).
-18
Let x(f) = f**3 - f**2 - 1. Let v(o) = -o**3 + 5*o**2 + 3*o + 4. Let i(j) = v(j) + 2*x(j). Calculate i(-3).
-7
Let u(a) = -6*a**2 + 2*a - 1. Let y be (-1 - 4/(-5))/((-1)/5). Determine u(y).
-5
Let f be 6/9*9 - 1. Let k(g) be the second derivative of g**6/240 - g**5/20 + g**4/12 + 3*g. Let i(c) be the third derivative of k(c). Give i(f).
9
Let g(p) = -6 + 2*p**2 - 1 - 43*p + 50*p - 3*p**2. Let v = 13 + -7. Calculate g(v).
-1
Let c(i) = 8*i**2 + 5 - 4*i + 2*i - 4. Let k be 10/(-55) + (-138)/(-33). Suppose 52*g = 48*g + k. Give c(g).
7
Let x be 1*((-36)/(-2))/3. Let f = x + -2. Suppose -3*h = 11 + f. Let v(k) = k + 12. Calculate v(h).
7
Let w be 26/(-6) + (-3)/(-9). Let y(t) be the first derivative of -t**3/3 - 3*t**2/2 - 2*t - 3. Give y(w).
-6
Let l = -11 - -4. Let o(a) = -a**2 - 6*a + 9. Determine o(l).
2
Let m = -81 + 70. Let x(a) = a**3 + 10*a**2 - 12*a - 13. Determine x(m).
-2
Let j(z) = 6*z**3 - 3*z + 2. Let m be j(1). Suppose 5*i = -m*p + i + 35, 2*i + 2 = 4*p. Let y(l) = -l**3 + 5*l**2 - 3*l - 2. Give y(p).
7
Let u(a) be the third derivative of -a**5/60 + 13*a**3/6 - 5*a**2. Give u(0).
13
Let v(y) = y - y**2 + 5 + 0*y + y**3 + 5*y**2. Let t be v(-4). Let d(o) = -6*o**3 - o + 1. Give d(t).
-6
Let k(q) = q**3 + 5*q**2 - 2*q + 2. Suppose x - 6 = 5*a, -x - 2*a = -0*x + 8. What is k(x)?
26
Let d(t) = -26*t + 12 - 4 + 12*t + 13*t. What is d(9)?
-1
Let a(y) = 5*y**2 - 3*y - 10*y**3 + 11*y**3 + y - 3*y**2 - 2. Determine a(-3).
-5
Let i(t) = t**2 - 1 + 7*t + 5 + 0. What is i(-5)?
-6
Let a(c) be the first derivative of -c**4/4 + 7*c**3/3 + c**2/2 - 2*c + 1. Suppose 4*l +